 digit of 5059?
0
What is the units digit of 3250?
0
What is the hundreds digit of 166?
1
What is the thousands digit of 51538?
1
What is the tens digit of 2750?
5
What is the hundreds digit of 1118?
1
What is the hundreds digit of 38227?
2
What is the tens digit of 20037?
3
What is the thousands digit of 209611?
9
What is the units digit of 1440?
0
What is the units digit of 46767?
7
What is the hundreds digit of 62805?
8
What is the thousands digit of 4248?
4
What is the tens digit of 126?
2
What is the thousands digit of 32706?
2
What is the hundreds digit of 3412?
4
What is the hundreds digit of 2827?
8
What is the hundreds digit of 491?
4
What is the hundreds digit of 64669?
6
What is the thousands digit of 1774?
1
What is the units digit of 13697?
7
What is the hundreds digit of 2100?
1
What is the thousands digit of 1188?
1
What is the ten thousands digit of 94661?
9
What is the hundreds digit of 221?
2
What is the tens digit of 66099?
9
What is the tens digit of 16741?
4
What is the hundreds digit of 7542?
5
What is the ten thousands digit of 144038?
4
What is the thousands digit of 10174?
0
What is the ten thousands digit of 12442?
1
What is the ten thousands digit of 11494?
1
What is the thousands digit of 13551?
3
What is the units digit of 3723?
3
What is the thousands digit of 1005?
1
What is the units digit of 207?
7
What is the thousands digit of 3695?
3
What is the hundreds digit of 1677?
6
What is the units digit of 26116?
6
What is the hundreds digit of 26328?
3
What is the hundreds digit of 4019?
0
What is the units digit of 141?
1
What is the hundred thousands digit of 118492?
1
What is the units digit of 4417?
7
What is the thousands digit of 9531?
9
What is the tens digit of 4140?
4
What is the units digit of 27542?
2
What is the tens digit of 669?
6
What is the hundreds digit of 33827?
8
What is the units digit of 4575?
5
What is the thousands digit of 1703?
1
What is the hundreds digit of 18029?
0
What is the thousands digit of 1442?
1
What is the tens digit of 29144?
4
What is the thousands digit of 56049?
6
What is the hundreds digit of 6460?
4
What is the hundreds digit of 544?
5
What is the hundreds digit of 28807?
8
What is the thousands digit of 3058?
3
What is the tens digit of 1018?
1
What is the units digit of 383?
3
What is the ten thousands digit of 101809?
0
What is the thousands digit of 4203?
4
What is the tens digit of 83247?
4
What is the units digit of 852?
2
What is the thousands digit of 14189?
4
What is the units digit of 36032?
2
What is the hundreds digit of 70039?
0
What is the units digit of 14395?
5
What is the ten thousands digit of 87619?
8
What is the tens digit of 399?
9
What is the thousands digit of 25451?
5
What is the hundreds digit of 6860?
8
What is the units digit of 4944?
4
What is the units digit of 4090?
0
What is the hundreds digit of 676?
6
What is the ten thousands digit of 23949?
2
What is the hundreds digit of 9507?
5
What is the tens digit of 44847?
4
What is the hundreds digit of 1587?
5
What is the thousands digit of 3831?
3
What is the units digit of 67275?
5
What is the tens digit of 10857?
5
What is the hundreds digit of 58210?
2
What is the tens digit of 70304?
0
What is the ten thousands digit of 15925?
1
What is the thousands digit of 4916?
4
What is the tens digit of 28446?
4
What is the hundreds digit of 877?
8
What is the hundreds digit of 1195?
1
What is the units digit of 1669?
9
What is the hundreds digit of 3662?
6
What is the tens digit of 1116?
1
What is the thousands digit of 62114?
2
What is the thousands digit of 19675?
9
What is the ten thousands digit of 62253?
6
What is the thousands digit of 8556?
8
What is the thousands digit of 2575?
2
What is the units digit of 9087?
7
What is the tens digit of 5546?
4
What is the hundreds digit of 183336?
3
What is the hundreds digit of 107325?
3
What is the hundreds digit of 308?
3
What is the thousands digit of 20188?
0
What is the thousands digit of 1174?
1
What is the ten thousands digit of 36003?
3
What is the units digit of 23131?
1
What is the hundreds digit of 9601?
6
What is the ten thousands digit of 10417?
1
What is the tens digit of 921?
2
What is the thousands digit of 8055?
8
What is the thousands digit of 1462?
1
What is the tens digit of 84944?
4
What is the tens digit of 7338?
3
What is the hundreds digit of 18550?
5
What is the thousands digit of 6271?
6
What is the hundreds digit of 417?
4
What is the hundreds digit of 6081?
0
What is the hundreds digit of 25453?
4
What is the units digit of 11643?
3
What is the units digit of 11188?
8
What is the tens digit of 2299?
9
What is the hundreds digit of 3364?
3
What is the ten thousands digit of 24049?
2
What is the tens digit of 302?
0
What is the thousands digit of 20625?
0
What is the hundreds digit of 23649?
6
What is the hundreds digit of 27214?
2
What is the tens digit of 459?
5
What is the thousands digit of 6890?
6
What is the hundreds digit of 5134?
1
What is the units digit of 383?
3
What is the thousands digit of 53713?
3
What is the units digit of 4331?
1
What is the hundreds digit of 49601?
6
What is the hundreds digit of 26626?
6
What is the units digit of 839?
9
What is the tens digit of 38238?
3
What is the thousands digit of 5446?
5
What is the tens digit of 11248?
4
What is the thousands digit of 20484?
0
What is the hundreds digit of 11880?
8
What is the units digit of 6212?
2
What is the tens digit of 601?
0
What is the tens digit of 484?
8
What is the hundreds digit of 38503?
5
What is the tens digit of 7156?
5
What is the hundreds digit of 1222?
2
What is the tens digit of 32140?
4
What is the hundreds digit of 228?
2
What is the ten thousands digit of 10087?
1
What is the units digit of 23675?
5
What is the hundreds digit of 65549?
5
What is the tens digit of 19084?
8
What is the tens digit of 1543?
4
What is the hundreds digit of 1375?
3
What is the thousands digit of 1169?
1
What is the tens digit of 150895?
9
What is the hundreds digit of 15473?
4
What is the hundreds digit of 7152?
1
What is the thousands digit of 23649?
3
What is the units digit of 398?
8
What is the hundreds digit of 562?
5
What is the units digit of 7329?
9
What is the thousands digit of 3412?
3
What is the tens digit of 7712?
1
What is the thousands digit of 38781?
8
What is the hundreds digit of 2665?
6
What is the ten thousands digit of 51146?
5
What is the tens digit of 5235?
3
What is the units digit of 155786?
6
What is the tens digit of 5715?
1
What is the thousands digit of 100481?
0
What is the hundreds digit of 1306?
3
What is the tens digit of 1068?
6
What is the thousands digit of 38670?
8
What is the thousands digit of 18929?
8
What is the tens digit of 4021?
2
What is the tens digit of 24169?
6
What is the units digit of 31?
1
What is the hundreds digit of 6507?
5
What is the tens digit of 143456?
5
What is the tens digit of 28153?
5
What is the units digit of 3287?
7
What is the units digit of 9385?
5
What is the thousands digit of 5397?
5
What is the hundreds digit of 5929?
9
What is the thousands digit of 27529?
7
What is the tens digit of 118752?
5
What is the ten thousands digit of 47445?
4
What is the tens digit of 131699?
9
What is the tens digit of 42326?
2
What is the tens digit of 695?
9
What is the tens digit of 1099?
9
What is the units digit of 2172?
2
What is the hundreds digit of 16337?
3
What is the hundreds digit of 747?
7
What is the units digit of 65437?
7
What is the units digit of 729?
9
What is the units digit of 3526?
6
What is the tens digit of 2667?
6
What is the tens digit of 1170?
7
What is the ten thousands digit of 105270?
0
What is the tens digit of 41?
4
What is the tens digit of 21952?
5
What is the tens digit of 1989?
8
What is the thousands digit of 3314?
3
What is the hundreds digit of 21462?
4
What is the units digit of 1059?
9
What is the ten thousands digit of 11132?
1
What is the hundreds digit of 673?
6
What is the hundreds digit of 32589?
5
What is the thousands digit of 11066?
1
What is the tens digit of 785?
8
What is the thousands digit of 1830?
1
What is the units digit of 18523?
3
What is the tens digit of 816?
1
What is the ten thousands digit of 14826?
1
What is the units digit of 55925?
5